{"id":650,"date":"2025-05-31T19:24:49","date_gmt":"2025-05-31T19:24:49","guid":{"rendered":"https:\/\/desarrollo.extintoff.cl\/?post_type=product&#038;p=650"},"modified":"2025-06-10T03:28:33","modified_gmt":"2025-06-10T03:28:33","slug":"extintor-30lb-b570-30lb-c571-100lb","status":"publish","type":"product","link":"https:\/\/extintoff.cl\/index.php\/product\/extintor-30lb-b570-30lb-c571-100lb\/","title":{"rendered":"EXTINTOR 30LB\/B570 -30LB\/C571-100LB"},"content":{"rendered":"<p>DG: Extintores cloruro de sodio D. Para \u00e1reas con metales combustibles. Litio, sodio, aleaciones de sodio y potasio, magnesio y compuestos met\u00e1licos. \/ 30LB-B570 NaCl: Extintor Clase D, con cloruro de sodio en polvo seco. Indicado ante la presencia de magnesio, sodio (derrames a granel), aleaciones de sodio, potasio, uranio y aluminio pulverizado.\/ 30LB-C571 Cobre:Extintor Clase D modelo B571 con agente extintor de cobre desarrollado por la Marina de los Estados Unidos para combatir incendios de litio y sus aleaciones.\/150LB:Carro Clase D, facilita la manipulaci\u00f3n del extintor ante fuegos clase D. Mantiene las manos del operador lejos del calor intenso y previene la inhalaci\u00f3n de gases t\u00f3xicos.<\/p>\n","protected":false},"excerpt":{"rendered":"<p>DG: Extintores cloruro de sodio D. Para \u00e1reas con metales combustibles. Litio, sodio, aleaciones de sodio y potasio, magnesio y compuestos met\u00e1licos. \/ 30LB-B570 NaCl: Extintor Clase D, con cloruro de sodio en polvo seco. Indicado ante la presencia de magnesio, sodio (derrames a granel), aleaciones de sodio, potasio, uranio y aluminio pulverizado.\/ 30LB-C571 Cobre:Extintor<\/p>\n<div class=\"klb-readmore\"><a class=\"c-btn\" href=\"https:\/\/extintoff.cl\/index.php\/product\/extintor-30lb-b570-30lb-c571-100lb\/\">Leer M\u00e1s <i class=\"far fa-plus\"><\/i><\/a><\/div>\n","protected":false},"featured_media":770,"comment_status":"open","ping_status":"closed","template":"","meta":{"_joinchat":[]},"product_brand":[],"product_cat":[64,54],"product_tag":[],"class_list":{"0":"post-650","1":"product","2":"type-product","3":"status-publish","4":"has-post-thumbnail","6":"product_cat-cloruro-de-sodio","7":"product_cat-d","9":"first","10":"instock","11":"shipping-taxable","12":"product-type-simple"},"_links":{"self":[{"href":"https:\/\/extintoff.cl\/index.php\/wp-json\/wp\/v2\/product\/650","targetHints":{"allow":["GET"]}}],"collection":[{"href":"https:\/\/extintoff.cl\/index.php\/wp-json\/wp\/v2\/product"}],"about":[{"href":"https:\/\/extintoff.cl\/index.php\/wp-json\/wp\/v2\/types\/product"}],"replies":[{"embeddable":true,"href":"https:\/\/extintoff.cl\/index.php\/wp-json\/wp\/v2\/comments?post=650"}],"wp:featuredmedia":[{"embeddable":true,"href":"https:\/\/extintoff.cl\/index.php\/wp-json\/wp\/v2\/media\/770"}],"wp:attachment":[{"href":"https:\/\/extintoff.cl\/index.php\/wp-json\/wp\/v2\/media?parent=650"}],"wp:term":[{"taxonomy":"product_brand","embeddable":true,"href":"https:\/\/extintoff.cl\/index.php\/wp-json\/wp\/v2\/product_brand?post=650"},{"taxonomy":"product_cat","embeddable":true,"href":"https:\/\/extintoff.cl\/index.php\/wp-json\/wp\/v2\/product_cat?post=650"},{"taxonomy":"product_tag","embeddable":true,"href":"https:\/\/extintoff.cl\/index.php\/wp-json\/wp\/v2\/product_tag?post=650"}],"curies":[{"name":"wp","href":"https:\/\/api.w.org\/{rel}","templated":true}]}}