{"id":642,"date":"2025-05-31T19:20:01","date_gmt":"2025-05-31T19:20:01","guid":{"rendered":"https:\/\/desarrollo.extintoff.cl\/?post_type=product&#038;p=642"},"modified":"2025-06-10T03:34:39","modified_gmt":"2025-06-10T03:34:39","slug":"extintor-6-10-25-50-100kgs","status":"publish","type":"product","link":"https:\/\/extintoff.cl\/index.php\/product\/extintor-6-10-25-50-100kgs\/","title":{"rendered":"EXTINTOR 6-10-25-50-100KGS"},"content":{"rendered":"<p>DG: Extintores PQS certificados para autos, casas e industria. Disponibles en 6 y 10 kilos. Carros PQS de 25, 50 y 100 kilos. Calidad y seguridad. \/ 6KGS: El extintor polvo qu\u00edmico mod. PRO90-6K, recomendado para constructoras, petroqu\u00edmicas, camiones, buses, hospitales, escuelas, comercios, industrias, miner\u00eda y m\u00e1s. \/ 10KGS: Extintor PQS 10 KG 90% 13.7 MOD. PRO90-10K. Para constructoras, petroqu\u00edmicas, camiones, buses, hospitales, escuelas, comercios, industrias, bodegas, supermercados y m\u00e1s. \/ 25KGS: Carro polvo qu\u00edmico seco 25kg 90%, el m\u00e1s peque\u00f1o de su categor\u00eda. Vers\u00e1til. Gran potencia de extinci\u00f3n. Evita la reignici\u00f3n al formar una pel\u00edcula aislante al ox\u00edgeno. \/ 50KGS: Carro polvo qu\u00edmico seco 50kg 90%. Llave de bola para un corte r\u00e1pido, mezclador de espuma y pit\u00f3n de duraluminio tipo venturi. Certificado por CESMEC de Bureau Veritas.<\/p>\n","protected":false},"excerpt":{"rendered":"<p>DG: Extintores PQS certificados para autos, casas e industria. Disponibles en 6 y 10 kilos. Carros PQS de 25, 50 y 100 kilos. Calidad y seguridad. \/ 6KGS: El extintor polvo qu\u00edmico mod. PRO90-6K, recomendado para constructoras, petroqu\u00edmicas, camiones, buses, hospitales, escuelas, comercios, industrias, miner\u00eda y m\u00e1s. \/ 10KGS: Extintor PQS 10 KG 90% 13.7<\/p>\n<div class=\"klb-readmore\"><a class=\"c-btn\" href=\"https:\/\/extintoff.cl\/index.php\/product\/extintor-6-10-25-50-100kgs\/\">Leer M\u00e1s <i class=\"far fa-plus\"><\/i><\/a><\/div>\n","protected":false},"featured_media":778,"comment_status":"open","ping_status":"closed","template":"","meta":{"_joinchat":[]},"product_brand":[],"product_cat":[49,57],"product_tag":[],"class_list":{"0":"post-642","1":"product","2":"type-product","3":"status-publish","4":"has-post-thumbnail","6":"product_cat-abc","7":"product_cat-pqs-90","9":"first","10":"instock","11":"shipping-taxable","12":"product-type-simple"},"_links":{"self":[{"href":"https:\/\/extintoff.cl\/index.php\/wp-json\/wp\/v2\/product\/642","targetHints":{"allow":["GET"]}}],"collection":[{"href":"https:\/\/extintoff.cl\/index.php\/wp-json\/wp\/v2\/product"}],"about":[{"href":"https:\/\/extintoff.cl\/index.php\/wp-json\/wp\/v2\/types\/product"}],"replies":[{"embeddable":true,"href":"https:\/\/extintoff.cl\/index.php\/wp-json\/wp\/v2\/comments?post=642"}],"wp:featuredmedia":[{"embeddable":true,"href":"https:\/\/extintoff.cl\/index.php\/wp-json\/wp\/v2\/media\/778"}],"wp:attachment":[{"href":"https:\/\/extintoff.cl\/index.php\/wp-json\/wp\/v2\/media?parent=642"}],"wp:term":[{"taxonomy":"product_brand","embeddable":true,"href":"https:\/\/extintoff.cl\/index.php\/wp-json\/wp\/v2\/product_brand?post=642"},{"taxonomy":"product_cat","embeddable":true,"href":"https:\/\/extintoff.cl\/index.php\/wp-json\/wp\/v2\/product_cat?post=642"},{"taxonomy":"product_tag","embeddable":true,"href":"https:\/\/extintoff.cl\/index.php\/wp-json\/wp\/v2\/product_tag?post=642"}],"curies":[{"name":"wp","href":"https:\/\/api.w.org\/{rel}","templated":true}]}}